1727
In base 7, what is 2552335665 + 5?
2552336003
In base 16, what is -f7fd - -18?
-f7e5
In base 5, what is -1430424 - 11102?
-1442031
In base 16, what is -1 + 17ed72e?
17ed72d
In base 14, what is -1051605 + 1?
-1051604
In base 5, what is 234 + 222301?
223040
In base 12, what is -1a597 + -360?
-1a937
In base 2, what is 101101111111001100110 - 100?
101101111111001100010
In base 15, what is ec4 + 96b?
1940
In base 10, what is -1405 - -805?
-600
In base 12, what is -3a982b + 5?
-3a9826
In base 3, what is 2 - -200102121011111?
200102121011120
In base 2, what is 1001110110111011010 - 1100110100?
1001110101010100110
In base 2, what is -1111101 + 1101111110001100100?
1101111101111100111
In base 5, what is 1121433120 + 10?
1121433130
In base 12, what is -40b52 - 11b4?
-42146
In base 7, what is -1010 - -1551341?
1550331
In base 8, what is -140054 + 124?
-137730
In base 4, what is 302231 - -212023321?
212332212
In base 16, what is 44a24 + f97?
459bb
In base 8, what is 32 + 5606267?
5606321
In base 14, what is 3 - -1ab95680?
1ab95683
In base 15, what is -170968 + -40?
-1709a8
In base 4, what is -303303223020 - -112?
-303303222302
In base 4, what is 0 + 31322333221323?
31322333221323
In base 3, what is -2122200200102 - 100?
-2122200200202
In base 9, what is 57420 + 16?
57436
In base 16, what is -1 + 6a7bf36?
6a7bf35
In base 15, what is 6 - -2d63534?
2d6353a
In base 13, what is 7 + -3424c8?
-3424c1
In base 3, what is -111111101011 - 1010?
-111111102021
In base 2, what is 1010011101110 + -1000110001101?
1101100001
In base 14, what is -141b7 - -14?
-141a3
In base 5, what is -10344014 + 1421?
-10342043
In base 12, what is -13 - 115069a?
-11506b1
In base 5, what is 1311 - -43044?
44410
In base 11, what is -24a39 - -703?
-24336
In base 8, what is 1342023656 + -4?
1342023652
In base 8, what is 47477301 + 16?
47477317
In base 9, what is -2 - 1317600?
-1317602
In base 13, what is 491a2 + -140a?
47a95
In base 9, what is -661801370 + 2?
-661801367
In base 9, what is -71 - 5258087?
-5258168
In base 7, what is -610440101 + -26?
-610440130
In base 7, what is -6363435335 + 2?
-6363435333
In base 3, what is 11120100 + -21122?
11021201
In base 5, what is 2044 - 1311420?
-1304321
In base 11, what is 3 - -6a71a?
6a722
In base 15, what is 5098 + 66c?
5715
In base 9, what is -327 + 32821?
32483
In base 11, what is 14 - -1a35a1?
1a3605
In base 8, what is 5 - 1073034?
-1073027
In base 4, what is -10 + 1011332230?
1011332220
In base 13, what is 23 + -393610?
-3935ba
In base 3, what is -12122 - 10102200201012?
-10102200220211
In base 5, what is 231032444 + 2?
231033001
In base 11, what is 2350 + -8116?
-5876
In base 9, what is 523 + 82201?
82724
In base 2, what is 11000011011101110110111111 - 1?
11000011011101110110111110
In base 7, what is 1131 + -20564?
-16433
In base 12, what is -4b60b5 - 5?
-4b60ba
In base 15, what is -418d6ac7 - 2?
-418d6ac9
In base 9, what is 543260185 - 0?
543260185
In base 10, what is -24799469 - 9?
-24799478
In base 10, what is 3756823 + 40?
3756863
In base 4, what is 203003130 - -2111?
203011301
In base 14, what is 0 + 47bc5dd?
47bc5dd
In base 13, what is 0 - -7171872?
7171872
In base 13, what is 1c + 535cc9?
536018
In base 8, what is 44101 - 23504?
20375
In base 13, what is b48 - 638?
510
In base 5, what is -12021 + 1014224?
1002203
In base 6, what is 101552101 + -1?
101552100
In base 6, what is -11 + -10405540?
-10405551
In base 6, what is -11 + -3013554024?
-3013554035
In base 15, what is 1dad53b + -2b?
1dad510
In base 3, what is -22121102200 + -1021?
-22121110221
In base 4, what is -20310 - -10001102030?
10001021120
In base 3, what is 10021 - 2001222200221?
-2001222120200
In base 15, what is -eb2d8 + -13b?
-eb424
In base 9, what is -4017 - 1745?
-5763
In base 9, what is -215 + 152778?
152563
In base 5, what is 21224340002 + -2?
21224340000
In base 10, what is 2 - 3001287?
-3001285
In base 14, what is -5d9239 - b?
-5d9246
In base 3, what is 102 + -2112110220100?
-2112110212221
In base 9, what is -8824 - -122?
-8702
In base 2, what is 10110100110001 - -1000111100100?
11111100010101
In base 7, what is -600034625 - 6?
-600034634
In base 3, what is -110212002112 - 1111010?
-110220120122
In base 5, what is 222313 - -1002244?
1230112
In base 4, what is -12030123010 - 3032?
-12030132102
In base 8, what is -176 - 2454040?
-2454236
In base 10, what is 4591519 + -6?
4591513
In base 14, what is 1179 + c30?
1da9
In base 4, what is 1313302 + -102101022?
-100121120
In base 9, what is 164684 - 367?
164316
In base 2, what is 11010010010010000111010110101 + 11?
11010010010010000111010111000
In base 10, what is -13 - 14395010?
-14395023
In base 3, what is -20121222210 + 112000002?
-20002222201
In base 4, what is -322 - 113333120?
-120000102
In base 16, what is 4b08c - -5?
4b091
In base 9, what is 35874 - 1082?
34782
In base 2, what is -101111100100 - 11111111000110?
-100101110101010
In base 10, what is -441171 + 34?
-441137
In base 10, what is 871905 - 3?
871902
In base 6, what is 152 + 1020421?
1021013
In base 11, what is 0 + 26140a1?
26140a1
In base 5, what is 314101224 - 3324?
314042400
In base 8, what is 16605502 - -43?
16605545
In base 6, what is 21 - -240034304?
240034325
In base 15, what is -684b3 - 15?
-684c8
In base 3, what is -1 - -101222020120121?
101222020120120
In base 9, what is -50211015 - -1?
-50211014
In base 8, what is -1 + 2776355?
2776354
In base 10, what is -123 - 165492?
-165615
In base 11, what is -1346801 + -62?
-1346863
In base 8, what is 1601507 - 32?
1601455
In base 9, what is 10523077 - -58?
10523146
In base 11, what is -5 - -a405174?
a40516a
In base 9, what is -3880146 - -17?
-3880128
In base 2, what is 100001100100110001011011 + -1?
100001100100110001011010
In base 12, what is -8 + -340799?
-3407a5
In base 9, what is -6565234 + -74?
-6565318
In base 6, what is -10 + 12025035?
12025025
In base 8, what is 530 - 14657?
-14127
In base 6, what is -1 + -533013523?
-533013524
In base 8, what is -1161 - -404366?
403205
In base 2, what is -1000101000010 + -1011110100?
-1010000110110
In base 4, what is 113332 - -1031322?
1211320
In base 11, what is -3 - -63367a?
633677
In base 7, what is 14212 + 53250?
100462
In base 4, what is 3 + 201003323?
201003332
In base 12, what is 4 - 1158633?
-115862b
In base 8, what is 10 + 44432706?
44432716
In base 11, what is -48115 - -914?
-47301
In base 5, what is 232 - 214224001?
-214223214
In base 2, what is -10000 + -10010100000101101000001111?
-10010100000101101000011111
In base 10, what is 55 + -134897?
-134842
In base 15, what is -25dac + 7b?
-25d31
In base 3, what is -2001111 - 1111200111?
-1120201222
In base 10, what is -5 - -2187184?
2187179
In base 7, what is -2603634164 - -4?
-2603634160
In base 15, what is -1 - c400597?
-c400598
In base 6, what is 0 - -243300511?
243300511
In base 7, what is 2 + -20166243?
-20166241
In base 4, what is -21033 + -23211033?
-23232132
In base 7, what is -20 - -6553461?
6553441
In base 15, what is -bb - -47c1e?
47b53
In base 9, what is 162768 + 11548?
174427
In base 6, what is -5543422132 + 14?
-5543422114
In base 16, what is -9fe462 - 15?
-9fe477
In base 9, what is -6276614 - 45?
-6276660
In base 15, what is -4 + 340e271?
340e26c
In base 16, what is -126e - a64?
-1cd2
In base 5, what is -4041010232 - -4?
-4041010223
In base 12, what is 1451 - 1519?
-88
In base 7, what is -21662 + 5553?
-13106
In base 10, what is 30 + -306328?
-306298
In base 16, what is 23 - 731f21?
-731efe
In base 14, what is 2a718 + -10c?
2a60a
In base 16, what is 1224991 - -8?
1224999
In base 2, what is -101011111110100111 + -1101001?
-101100000000010000
In base 9, what is 44776 - 418?
44357
In base 13, what is -3 - -379315?
379312
In base 12, what is -4 + -2ab85b5?
-2ab85b9
In base 13, what is -720044 + 2?
-720042
In base 4, what is -2112021223 + 100?
-2112021123
In base 15, what is -c6b04 + -2d?
-c6b32
In base 13, what is 1 - 146524?
-146523
In base 13, what is 31563b - 2?
315639
In base 14, what is -125128a - 4?
-1251290
In base 6, what is -335513543 + 2?
-335513541
In base 10, what is 2944 - -23657?
26601
In base 7, what is -12545 + -12536?
-25414
In base 12, what is -a522261 - -2?
-a52225b
In base 5, what is -1102400400 - -1?
-1102400344
In base 4, what is 2132 + 132103302113?
132103310311
In ba